is -46 - -20 - 6 - 20 - -4?
-48
-152 - (7 + -60 - -1)
-100
(35 + -73 - -62) + -15 + 1
10
(3 - -10 - 23 - 2) + (0 + 2 - 1)
-11
(-84 - (-13 - -12)) + (-2 - 5 - 3)
-93
What is 4 + (-8 - ((-16 - -11) + 15) - 95)?
-109
What is 3 + -19 + -274 + 297 - -23?
30
What is the value of (-26 + 44 - (0 - 6)) + -24?
0
What is the value of -15 + -12 - -10 - 23?
-40
What is the value of -94 + (207 - 23) + -93?
-3
What is the value of -40 + 55 - (13 + 8 + -19 + 94)?
-81
What is the value of 19 + -21 + 13 + (-58 - (14 + -6))?
-55
Evaluate -71 + -5 + 75 + 1 + -15.
-15
What is the value of -98 - (-82 - -97 - 132)?
19
What is the value of (-70 - -60) + -6 + 13 + -54?
-57
What is the value of -39 - (-17 + 35 + -32 + 23)?
-48
Evaluate 9 + ((-4 - (-5 + 1)) + -2 - (-232 - -256)).
-17
Calculate -146 - -122 - (38 + 40).
-102
Calculate 3 + -9 + (0 - (-5 + 5) - 6).
-12
64 + -51 + -53 + 11
-29
-17 + -2 + (-6 - -30 - (7 + 16))
-18
Calculate (-34 - -9 - -105) + 0 + 6 - (4 - 2).
84
Calculate (163 - (145 + 31)) + (39 - (1 + -3)).
28
What is (6 - 5 - -3) + 13 + -15 + (-5 - -12)?
9
What is the value of (-1 - 35) + 5 + -17?
-48
(3 - -2) + (9 + -13 + 63 - (-18 + 13))
69
Evaluate (231 + -254 - (-19 + -1)) + -5 - -93.
85
138 + -137 - (1 - 8 - ((7 - 2) + -102))
-89
-38 + 42 + -63 + 64
5
-80 - ((3 - (-6 + 15)) + (-16 - (-7 - 17)))
-82
What is 13 - 47 - -24 - 32 - -66?
24
What is the value of -2 - ((23 - (-28 + 60)) + -27)?
34
Evaluate -72 + (-157 - -19) + 79.
-131
Calculate (3 - (46 - -2)) + -1 + (-3039 - -3048).
-37
Evaluate 177 + -190 - (-1 + -1 - ((64 - 1) + 0)).
52
101 + -111 + -4 + 1 + 11
-2
9 + -27 - -49 - (-41 - -13)
59
-39 - (-2 - 0) - (1590 + -1577)
-50
Calculate -4 + 0 + 58 + (-51 - (-15 + -34)).
52
What is the value of (333 - 413) + (-15 - 1) - (3 - (-4 + 12))?
-91
What is the value of 4 + -3 + 2 - 62 - (-51 - -86 - 40)?
-54
Evaluate -101 - (-37 + -8) - (2 + -2 - -9).
-65
What is (5 - 0) + 21 - ((-3 - (-11 - -4)) + 6)?
16
What is -17 + -6 + -19 + 13?
-29
What is -5 - ((44 - 31) + 28 - 84)?
38
Evaluate 9 + (1 + 2 - 87) + (54 - 33).
-54
Calculate 5 - (1 + (-1 - (34 - 6))).
33
Calculate (-309 - -303) + (3 - 4) + 67 + -10.
50
What is -9 - -1 - (4 - (6 + 1)) - (47 - 9)?
-43
8 - (-3 + 14) - (9 - -34)
-46
What is the value of -28 + (-35 - -57 - 55) - -11?
-50
What is the value of 1 - 12 - (-550 + 338 + 250)?
-49
-10 + 21 + (-13 - (-1 - (-6 - 7) - 5))
-9
What is the value of -70 - (50 - (40 + 28))?
-52
0 + 12 + -80 + 79 + -19
-8
What is (3 - -3) + 24 + (-11 - -20) + -18?
21
What is 53 + -92 - (17 + 0 + (-6 - 0))?
-50
What is the value of 6 + 61 + (-8 - 23 - -6)?
42
What is the value of -84 + -22 + 187 + (0 - 24)?
57
What is the value of (39 - (30 + 7) - (6 + 1)) + -5 - -107?
97
11 + (2 - (36 + -15)) - -19
11
Calculate 5 + (4 - 7) + -7 - 0.
-5
Calculate 82 + (-6 - 3) + 12 + -3 + 0 - -7.
89
Calculate (16 - (-1 - (-1 - 1))) + (-6774 - -6775).
16
Calculate 22 + (12 + -10 - (30 - -5)).
-11
What is ((12 - 7) + 4 - -3) + -15 + 11?
8
Calculate -13 - (-1 + (0 - 3) + 1 - (761 - 758)).
-7
What is the value of 1 - (55 + -49 - (79 - (6 - 6)))?
74
121 - (7 - 5) - (-101 + (145 - 49))
124
Evaluate (1 - -2) + 15 + -52 + (27 - 107).
-114
-21 - (-31 + 50) - -30 - -25
15
-11 - (41 - 29 - 8)
-15
Evaluate 7 + 16 + 0 + -11 + -1 + -18.
-7
What is the value of 11 + (-3 + 22 - -7) - (7 + -19)?
49
Calculate -40 + (-38 - (49 - 117)).
-10
What is (-61 - (-115 - -30)) + -88?
-64
Evaluate (3 - (1 - 0) - (16 + -12)) + (66 - 10).
54
What is -15 - (-37 - (40 + -52) - (1 - 19))?
-8
What is -10 - (-7 - (-13 + 7) - 1) - (-3 - -11)?
-16
What is (17 - (-8 + 0 + 10)) + 11 + -4?
22
39 - (-99 - (-61 + -6))
71
-38 + -31 + 67 + -39
-41
Evaluate -3 + (44 - 43) + 28.
26
What is the value of -2 - (5 + -35) - ((-72 - -41) + 18)?
41
What is the value of (25 - 3 - 20) + (2 + -16 - -1)?
-11
0 + 23 + -376 + 331 + 44
22
(-4 - -6 - -10) + (-41 - -18)
-11
What is (-1858 - -1863) + (-4 - 4)?
-3
What is (-44 - (2 + -38 + 2)) + 114?
104
(-2 - (19 - (7 + -12))) + (13 - -2)
-11
What is (4 - (-2 + 0 + -4)) + (11 - -23 - 24)?
20
-12 + 14 + -2 + (111 - (24 - 11))
98
(872 - 848) + (4 - (-3 + 2 + 0 + 0))
29
Calculate -23 - -167 - (358 + -116).
-98
Calculate 107 - (11 + -45 - -43).
98
What is 3 + -1 + (1 - 8) + (3417 - 3435)?
-23
What is (25 + -28 - -7) + 53 + -33?
24
Evaluate -12 + -27 + (124 - 41).
44
-11 + (-25 - (-27 - -14) - -16) + 1 + -34
-40
What is the value of 1 + (32 + (38 - 78) - (-1 + -3))?
-3
0 - -28 - (-55 - (46 + -88))
41
Evaluate 73 + 1 + -50 - 10.
14
Evaluate (11 - (-24 + 11)) + -57 + 25.
-8
What is the value of -5 - (-41 - -28 - 13)?
21
-3 + 31 + -5 + -19 + (-1 - 2 - -15)
16
What is 1026 + -1101 + (4 + -2 - 1)?
-74
What is the value of (18 - (-16 - -20)) + 1 - 1 - 12?
2
What is (37 - 107) + 138 + (0 - 26)?
42
(18 + (-4 - -3) + -18 - -6) + 66
71
Calculate 1 + 10 + (-5 - -55 - 74).
-13
Calculate -9 + (19 - (8 - (-6 + 38))).
34
Evaluate 3 + 11 - (18 + -14 - -21 - -5).
-16
What is the value of -1133 - -1245 - (68 - 0)?
44
(11 - (-2 - (-15 - 14))) + 62
46
(-6 - 4 - -13) + -108 + (12 - 24) + -2
-119
Evaluate (75 + -62 - (10 + -21 + 31)) + -20.
-27
-1 + -19 + -3 - -44
21
What is -25 - (-41 + 18) - 45 - 31?
-78
Calculate 1139 + -1164 + 0 + 55.
30
What is the value of -4 + -3 + (-1843 - -1839) + (1 + -2 - -34)?
22
Calculate (23 - (-37 - -19)) + -20.
21
1 - -1 - -62 - (35 + (104 - 120))
45
Calculate -12 + -9 + 22 + (0 - 3) - -21.
19
Evaluate -61 + 52 + (99 - -3) + 1 + -2 + -10.
82
What is the value of -14 + -12 + 12 - -25 - 15 - -67?
63
Evaluate (2 + -4 - 67 - (1 - 5)) + -780 + 790.
-55
Calculate 17 + 10 + (-21 - 13) + 40.
33
-316 + 216 + (-8 - (-47 + 8))
-69
Evaluate -2802 + 2764 - (-5 + -129).
96
Calculate (8 + -10 - -3) + (-71 - (1 + -32)).
-39
What is -99 - (-18 - (-1 + 4) - (-1 - 20 - -12))?
-87
What is the value of 24 + -2 - 24 - -5 - (2 + 16)?
-15
Calculate 131 + -21 + -122 + 2 + -2 + -12.
-24
What is 3 - 82 - (-110 - (-77 - 11))?
-57
What is -19 + 25 - -5 - (1 - (-1 - -4))?
13
What is the value of 1849 + -1966 + 3 + 93?
-21
Calculate 118 - -19 - (21 + 49).
67
Evaluate 68 - (16 + 1 + (-3 - 1) - (-545 - -550)).
60
What is -15 + (-11 - -14 - (18 - 25))?
-5
What is the value of -2 - 0 - -79 - (2941 + -2917)?
53
Evaluate (-1 - -40) + 8 + (7 - (15 + -12) - 10).
41
Calculate 3 + 0 - (20 + 1 + -14 + 1 + 16).
-21
What is the value of -20 + (47 + -44 + 31 - 103)?
-89
What is -17 + 23 + -121 + 84?
-31
What is the value of 22 + 5 + 0 - 45?
-18
Evaluate -20 + (-40 - -25) - 64.
-99
-47 + (12 - (-17 + 19 + 14))
-51
Evaluate 6 + -2 + 5 - (-42 - ((19 - 14) + -14)).
42
Evaluate (69 - 17) + -60 - -61.
53
Evaluate (-15 - -1 - 12) + -22 + 25.
-23
-63 + (-57 - -85) - -65
30
Calculate -8 + (-196 + 183 - (-9 + (-4 - -4))) - 24.
-36
1 + (0 - 16 - (-10 - -1))
-6
What is (-1 + 5 - (2 - -18)) + -1561 + 1463?
-114
What is the value of -3 + 61 + -248 + 195?
5
Evaluate (-4 - -14) + -19 + 55 - 2.
44
Evaluate 12 - ((4 - 6) + -53) - 21.
46
Calculate -85 + (55 - 25) + -13.
-68
What is (64 - 16 - 59) + (-2 - 4)?
-17
-3 - (67 + -71 + 9)
-8
What is 14 - (-2 + 16 + (24 - 7)) - -53?
36
What is the value of (56 - 54) + (-57 - (12 + -7))?
-60
Evaluate 15 + 33 + -99 + 77.
26
-1 + 0 - 0 - (19 + (23 - -8) + 13)
-64
Evaluate (0 - 10) + 0 + -1 - (27183 + -27180).
-14
What is (116 - 25) + (36 - 6) - 35?
86
Evaluate (2735 - 2752) + (1 - 5).
-21
Evaluate 5 + 199 + -97 - 53.
54
What is the value of -69 + 0 + (10 - -11) + 11?
-37
Calculate 28 - ((15 - (-3 + 10)) + -9 - -4).
25
What is the value of -14 - (77 - 93 - (-7 + -1) - 2)?
-4
Calculate -5 - -4 - 12 - (-403 - -445).
-55
Calculate -46 + -69 + 137 + (-3 - 18) + 0 + -12.
-11
Evaluate (10 - 63) + 2 + 6 + -6 + 5.
-46
What is -6 + 34 + -21 - 47?
-40
What is (-3 + 3 - 13) + (9 - (59 + -25))?
-38
Calculate (2 - -8) + (4969 - 5019).
-40
What is the value of -52 - (22 - 24) - -7 - (3 + 2 + -1)?
-47
What is the value of 14 + (-6 + -9 + -17 + 9 - -106)?
97
-18 + (13 - (22 - -18 - 24))
-21
What is the value of -19 + 31 + -34 + 3?
-19
Evaluate 8 - -80 - (-351 + 394).
45
Calculate (-78 - -80) + (48 - 0) + (-18 + -2 - -22).
52
What is the value of -86 + -13 + 68 + -24 - (-2 + -6)?
-47
What is the value of -19 - (13 - (22 + -24 - 5))?
-39
Evaluate (-10 - -8) + -15 + 15 - (1 + 27).
-30
What is 107 - (((-1 - -7 - -6) + -12 - 5) + 14)?
98
10 